{"id":171,"date":"2025-11-05T16:08:03","date_gmt":"2025-11-05T16:08:03","guid":{"rendered":"https:\/\/www.novea-serenite.com\/?page_id=171"},"modified":"2025-11-19T22:11:37","modified_gmt":"2025-11-19T22:11:37","slug":"pole-medical","status":"publish","type":"page","link":"https:\/\/www.novea-serenite.com\/index.php\/pole-medical\/","title":{"rendered":"P\u00f4le M\u00e9dical"},"content":{"rendered":"\n<p class=\"has-text-align-center has-neve-link-color-color has-text-color has-link-color has-x-large-font-size wp-elements-5e17cca8408d060e45370096b8f003ba\"><strong>P\u00f4le : T\u00e9l\u00e9secr\u00e9tariat M\u00e9dical Sp\u00e9cialis\u00e9<\/strong><\/p>\n\n\n<div class=\"wp-block-image\">\n<figure class=\"aligncenter size-large is-resized\"><img data-opt-id=1917937807  fetchpriority=\"high\" decoding=\"async\" width=\"150\" height=\"150\" src=\"https:\/\/mlx4fwu4tjnv.i.optimole.com\/w:150\/h:150\/rt:fill\/g:ce\/f:best\/ig:avif\/q:mauto\/id:93ded0ccd8885346320adf8bd20a4c97\/directUpload\/1.svg\" alt=\"\" class=\"wp-image-138\" style=\"aspect-ratio:1;object-fit:cover;width:349px;height:auto\"\/><\/figure>\n<\/div>\n\n\n<p><\/p>\n\n\n\n<p>Ce p\u00f4le met l&rsquo;accent sur la&nbsp;<strong>rigueur<\/strong>, le&nbsp;<strong>protocole<\/strong>&nbsp;et la&nbsp;<strong>s\u00e9curit\u00e9<\/strong>.<\/p>\n\n\n\n<h3 class=\"wp-block-heading has-text-align-center has-neve-link-color-color has-text-color has-link-color has-large-font-size wp-elements-ca9b0d947b240e765912ba2c4845f879\">Notre Engagement pour Votre Cabinet<\/h3>\n\n\n\n<p class=\"has-text-align-center\">Dans le secteur de la sant\u00e9, le temps du praticien est pr\u00e9cieux et la gestion des donn\u00e9es est critique.&nbsp;<strong>Nov\u00e9a S\u00e9r\u00e9nit\u00e9<\/strong>&nbsp;vous offre un service d&rsquo;accueil t\u00e9l\u00e9phonique qui va au-del\u00e0 de la simple prise de rendez-vous : nous sommes votre&nbsp;<strong>assistante qualifi\u00e9e<\/strong>&nbsp;\u00e0 distance, garantissant la fluidit\u00e9 de votre cabinet et la s\u00e9r\u00e9nit\u00e9 de vos patients.<\/p>\n\n\n\n<h3 class=\"wp-block-heading has-text-align-center has-neve-link-color-color has-text-color has-link-color has-large-font-size wp-elements-2fc804a775783b4b43c489c83a192a00\">Les Services Cl\u00e9s<\/h3>\n\n\n\n<ul class=\"wp-block-list\">\n<li><strong>Gestion d&rsquo;Agenda Complexe :<\/strong>&nbsp;Ma\u00eetrise de vos plateformes de prise de rendez-vous (Doctolib, Maiia, Keldoc, etc.). Optimisation de votre planning selon vos consignes sp\u00e9cifiques (urgences, visites, type de consultation).<\/li>\n\n\n\n<li><strong>Accueil T\u00e9l\u00e9phonique Personnalis\u00e9 et Qualifi\u00e9 :<\/strong>&nbsp;R\u00e9ponse imm\u00e9diate et professionnelle au nom de votre cabinet. Triage syst\u00e9matique des appels et qualification des demandes pour ne vous transmettre que l&rsquo;essentiel.<\/li>\n\n\n\n<li><strong>Rigueur du Protocole et Conformit\u00e9 :<\/strong>&nbsp;Application stricte du&nbsp;<strong>Secret Professionnel<\/strong>. Utilisation des moyens s\u00e9curis\u00e9s tels que la&nbsp;<strong>Messagerie S\u00e9curis\u00e9e de Sant\u00e9 (MSSant\u00e9)<\/strong>&nbsp;par d\u00e9l\u00e9gation pour l&rsquo;\u00e9change de documents. Respect total du&nbsp;<strong>RGPD<\/strong>&nbsp;pour la protection des donn\u00e9es de sant\u00e9.<\/li>\n\n\n\n<li><strong>Service ++ : Gestion de Dossier Pr\u00e9paratoire (GDP) :<\/strong>&nbsp;Nous assurons la compl\u00e9tude administrative du dossier patient (r\u00e9ception d&rsquo;ordonnances, courriers) avant la consultation pour maximiser votre temps en face-\u00e0-face.<\/li>\n<\/ul>\n\n\n\n<blockquote class=\"wp-block-quote is-layout-flow wp-block-quote-is-layout-flow\">\n<p class=\"has-neve-text-color-color has-text-color has-link-color wp-elements-413aa86c69a54c373b8926fbc3c658b8\"><strong>Le B\u00e9n\u00e9fice :<\/strong>&nbsp;Concentrez-vous sur vos soins. Nous garantissons une gestion \u00e9thique, s\u00e9curis\u00e9e et optimale de votre patient\u00e8le.<\/p>\n<\/blockquote>\n","protected":false},"excerpt":{"rendered":"<p>P\u00f4le : T\u00e9l\u00e9secr\u00e9tariat M\u00e9dical Sp\u00e9cialis\u00e9 Ce p\u00f4le met l&rsquo;accent sur la&nbsp;rigueur, le&nbsp;protocole&nbsp;et la&nbsp;s\u00e9curit\u00e9. Notre Engagement pour Votre Cabinet Dans le secteur de la sant\u00e9, le temps du praticien est pr\u00e9cieux et la gestion des donn\u00e9es est critique.&nbsp;Nov\u00e9a S\u00e9r\u00e9nit\u00e9&nbsp;vous offre un service d&rsquo;accueil t\u00e9l\u00e9phonique qui va au-del\u00e0 de la simple prise de rendez-vous : nous sommes&hellip;&nbsp;<a href=\"https:\/\/www.novea-serenite.com\/index.php\/pole-medical\/\" rel=\"bookmark\"><span class=\"screen-reader-text\">P\u00f4le M\u00e9dical<\/span><\/a><\/p>\n","protected":false},"author":1,"featured_media":0,"parent":0,"menu_order":0,"comment_status":"closed","ping_status":"closed","template":"","meta":{"neve_meta_sidebar":"","neve_meta_container":"","neve_meta_enable_content_width":"","neve_meta_content_width":0,"neve_meta_title_alignment":"","neve_meta_author_avatar":"","neve_post_elements_order":"","neve_meta_disable_header":"","neve_meta_disable_footer":"","neve_meta_disable_title":"","footnotes":""},"class_list":["post-171","page","type-page","status-publish","hentry"],"_links":{"self":[{"href":"https:\/\/www.novea-serenite.com\/index.php\/wp-json\/wp\/v2\/pages\/171","targetHints":{"allow":["GET"]}}],"collection":[{"href":"https:\/\/www.novea-serenite.com\/index.php\/wp-json\/wp\/v2\/pages"}],"about":[{"href":"https:\/\/www.novea-serenite.com\/index.php\/wp-json\/wp\/v2\/types\/page"}],"author":[{"embeddable":true,"href":"https:\/\/www.novea-serenite.com\/index.php\/wp-json\/wp\/v2\/users\/1"}],"replies":[{"embeddable":true,"href":"https:\/\/www.novea-serenite.com\/index.php\/wp-json\/wp\/v2\/comments?post=171"}],"version-history":[{"count":5,"href":"https:\/\/www.novea-serenite.com\/index.php\/wp-json\/wp\/v2\/pages\/171\/revisions"}],"predecessor-version":[{"id":364,"href":"https:\/\/www.novea-serenite.com\/index.php\/wp-json\/wp\/v2\/pages\/171\/revisions\/364"}],"wp:attachment":[{"href":"https:\/\/www.novea-serenite.com\/index.php\/wp-json\/wp\/v2\/media?parent=171"}],"curies":[{"name":"wp","href":"https:\/\/api.w.org\/{rel}","templated":true}]}}