{"id":152,"date":"2025-11-05T15:58:35","date_gmt":"2025-11-05T15:58:35","guid":{"rendered":"https:\/\/www.novea-serenite.com\/?page_id=152"},"modified":"2025-11-08T13:55:13","modified_gmt":"2025-11-08T13:55:13","slug":"mot-de-la-directrice","status":"publish","type":"page","link":"https:\/\/www.novea-serenite.com\/index.php\/mot-de-la-directrice\/","title":{"rendered":"Mot de la directrice"},"content":{"rendered":"\n<p><\/p>\n\n\n\n<p class=\"has-text-align-center has-neve-link-hover-color-color has-text-color has-link-color has-large-font-size wp-elements-31c59a9c32cfb65c225da23be0fc5f54\"><strong>Un Engagement N\u00e9 de l&rsquo;Exp\u00e9rience, une Mission de S\u00e9r\u00e9nit\u00e9<\/strong><\/p>\n\n\n\n<blockquote class=\"wp-block-quote is-layout-flow wp-block-quote-is-layout-flow\">\n<p><\/p>\n<\/blockquote>\n\n\n\n<p>Chers professionnels de sant\u00e9, entrepreneurs et particuliers,<\/p>\n\n\n\n<p>Je suis&nbsp;<strong>Aur\u00e9lie ESSAFIANI<\/strong>, fondatrice et dirigeante de&nbsp;<strong>Nov\u00e9a-S\u00e9r\u00e9nit\u00e9<\/strong>.<\/p>\n\n\n\n<p>Mon engagement dans le t\u00e9l\u00e9secr\u00e9tariat n&rsquo;est pas le fruit du hasard, mais le prolongement naturel de&nbsp;<strong>plus de 13 ann\u00e9es d&rsquo;exp\u00e9rience<\/strong>&nbsp;pass\u00e9es au c\u0153ur des structures de&nbsp;<strong>sant\u00e9, sanitaires et sociales<\/strong>. Cette immersion m&rsquo;a donn\u00e9 une connaissance intime des exigences du secret professionnel, du rythme effr\u00e9n\u00e9 des cabinets, et du besoin vital d&rsquo;une assistance administrative fiable.<\/p>\n\n\n\n<p>Chez&nbsp;<strong>Nov\u00e9a-S\u00e9r\u00e9nit\u00e9<\/strong>, notre mission est simple :&nbsp;<strong>vous rendre votre temps et votre s\u00e9r\u00e9nit\u00e9<\/strong>.<\/p>\n\n\n\n<h4 class=\"wp-block-heading has-text-align-center has-neve-link-hover-color-color has-text-color has-link-color has-large-font-size wp-elements-3b2dd97f6f91ce0573f1498400c7d596\"><strong>Un Double P\u00f4le d&rsquo;Expertise pour une Efficacit\u00e9 Totale<\/strong><\/h4>\n\n\n\n<p>Nous avons structur\u00e9 notre offre autour de deux piliers fondamentaux :<\/p>\n\n\n\n<ol start=\"1\" class=\"wp-block-list\">\n<li><strong>Le P\u00f4le M\u00e9dical (Sant\u00e9 &amp; Social) :<\/strong>&nbsp;Notre c\u0153ur de m\u00e9tier. Forts de cette connaissance sectorielle, nous ne faisons pas qu&rsquo;accueillir vos patients ; nous sommes la voix qualifi\u00e9e, pr\u00e9cise et empathique qui prolonge l&rsquo;image de votre cabinet. Nous ma\u00eetrisons les enjeux de l&rsquo;urgence et de la confidentialit\u00e9 pour vous garantir une permanence t\u00e9l\u00e9phonique sans faille, et une gestion d&rsquo;agenda parfaitement optimis\u00e9e sur vos outils. Votre activit\u00e9 de praticien est ainsi valoris\u00e9e et votre concentration pr\u00e9serv\u00e9e.<\/li>\n\n\n\n<li><strong>Le P\u00f4le Administratif (Pro &amp; Particuliers) :<\/strong>&nbsp;Au-del\u00e0 du secteur m\u00e9dical, j&rsquo;ai constat\u00e9 que le besoin d&rsquo;organisation est universel.&nbsp;<strong>Nov\u00e9a-S\u00e9r\u00e9nit\u00e9<\/strong>&nbsp;propose \u00e9galement une assistance administrative sur mesure pour les professionnels (gestion de factures, classement, courriers) et pour les particuliers (aide aux d\u00e9marches, tri, organisation de documents). C&rsquo;est l&rsquo;assurance d&rsquo;une rigueur et d&rsquo;une organisation sans faille pour tous.<\/li>\n<\/ol>\n\n\n\n<p>Notre syst\u00e8me de travail, con\u00e7u pour \u00eatre d&rsquo;une&nbsp;<strong>totale fiabilit\u00e9<\/strong>, garantit un suivi transparent et imm\u00e9diat de toutes vos demandes. Plus d&rsquo;appel perdu, plus de dossier en attente, mais une r\u00e9ponse imm\u00e9diate par le canal qui vous convient le mieux : email, Internet, ou SMS.<\/p>\n\n\n\n<p>Je vous invite \u00e0 d\u00e9couvrir les solutions sur mesure de&nbsp;<strong>Nov\u00e9a-S\u00e9r\u00e9nit\u00e9<\/strong>&nbsp;et \u00e0 faire confiance \u00e0 une \u00e9quipe qui comprend votre m\u00e9tier. C&rsquo;est avec le plus grand professionnalisme que nous nous tenons \u00e0 vos c\u00f4t\u00e9s.<\/p>\n\n\n\n<p>Bien cordialement,<\/p>\n\n\n\n<p><strong>Aur\u00e9lie ESSAFIANI<\/strong><\/p>\n\n\n\n<p><em>Fondatrice et Directrice de Nov\u00e9a-S\u00e9r\u00e9nit\u00e9<\/em><\/p>\n","protected":false},"excerpt":{"rendered":"<p>Un Engagement N\u00e9 de l&rsquo;Exp\u00e9rience, une Mission de S\u00e9r\u00e9nit\u00e9 Chers professionnels de sant\u00e9, entrepreneurs et particuliers, Je suis&nbsp;Aur\u00e9lie ESSAFIANI, fondatrice et dirigeante de&nbsp;Nov\u00e9a-S\u00e9r\u00e9nit\u00e9. Mon engagement dans le t\u00e9l\u00e9secr\u00e9tariat n&rsquo;est pas le fruit du hasard, mais le prolongement naturel de&nbsp;plus de 13 ann\u00e9es d&rsquo;exp\u00e9rience&nbsp;pass\u00e9es au c\u0153ur des structures de&nbsp;sant\u00e9, sanitaires et sociales. Cette immersion m&rsquo;a donn\u00e9&hellip;&nbsp;<a href=\"https:\/\/www.novea-serenite.com\/index.php\/mot-de-la-directrice\/\" rel=\"bookmark\"><span class=\"screen-reader-text\">Mot de la directrice<\/span><\/a><\/p>\n","protected":false},"author":1,"featured_media":0,"parent":0,"menu_order":0,"comment_status":"closed","ping_status":"closed","template":"","meta":{"neve_meta_sidebar":"","neve_meta_container":"","neve_meta_enable_content_width":"","neve_meta_content_width":0,"neve_meta_title_alignment":"","neve_meta_author_avatar":"","neve_post_elements_order":"","neve_meta_disable_header":"","neve_meta_disable_footer":"","neve_meta_disable_title":"","footnotes":""},"class_list":["post-152","page","type-page","status-publish","hentry"],"_links":{"self":[{"href":"https:\/\/www.novea-serenite.com\/index.php\/wp-json\/wp\/v2\/pages\/152","targetHints":{"allow":["GET"]}}],"collection":[{"href":"https:\/\/www.novea-serenite.com\/index.php\/wp-json\/wp\/v2\/pages"}],"about":[{"href":"https:\/\/www.novea-serenite.com\/index.php\/wp-json\/wp\/v2\/types\/page"}],"author":[{"embeddable":true,"href":"https:\/\/www.novea-serenite.com\/index.php\/wp-json\/wp\/v2\/users\/1"}],"replies":[{"embeddable":true,"href":"https:\/\/www.novea-serenite.com\/index.php\/wp-json\/wp\/v2\/comments?post=152"}],"version-history":[{"count":5,"href":"https:\/\/www.novea-serenite.com\/index.php\/wp-json\/wp\/v2\/pages\/152\/revisions"}],"predecessor-version":[{"id":255,"href":"https:\/\/www.novea-serenite.com\/index.php\/wp-json\/wp\/v2\/pages\/152\/revisions\/255"}],"wp:attachment":[{"href":"https:\/\/www.novea-serenite.com\/index.php\/wp-json\/wp\/v2\/media?parent=152"}],"curies":[{"name":"wp","href":"https:\/\/api.w.org\/{rel}","templated":true}]}}